 factors of 1093070.
2, 5, 11, 19, 523
What are the prime factors of 1673820?
2, 3, 5, 17, 547
What are the prime factors of 3005824?
2, 23, 1021
List the prime factors of 307241.
11, 17, 31, 53
What are the prime factors of 9490569?
3, 11, 29, 47, 211
What are the prime factors of 129392?
2, 8087
List the prime factors of 70781.
37, 1913
What are the prime factors of 7869038?
2, 3934519
List the prime factors of 1662551.
11, 151141
What are the prime factors of 186621?
3, 62207
What are the prime factors of 298380?
2, 3, 5, 4973
What are the prime factors of 8363429?
1879, 4451
What are the prime factors of 17782953?
3, 227, 26113
What are the prime factors of 7970332?
2, 1992583
What are the prime factors of 36610744?
2, 47, 97369
What are the prime factors of 15380042?
2, 7690021
What are the prime factors of 824085?
3, 5, 18313
What are the prime factors of 2810080?
2, 5, 7, 13, 193
What are the prime factors of 8684?
2, 13, 167
List the prime factors of 296693.
296693
List the prime factors of 874404.
2, 3, 107, 227
List the prime factors of 3688908.
2, 3, 307409
List the prime factors of 541202.
2, 270601
List the prime factors of 2200068.
2, 3, 13, 1567
What are the prime factors of 7797358?
2, 349, 11171
What are the prime factors of 1369433?
13, 105341
What are the prime factors of 792326?
2, 47, 8429
What are the prime factors of 177551?
11, 16141
What are the prime factors of 22022100?
2, 3, 5, 24469
What are the prime factors of 557923?
17, 37, 887
What are the prime factors of 171338?
2, 85669
List the prime factors of 25423762.
2, 7, 13, 163, 857
What are the prime factors of 802296?
2, 3, 11, 1013
List the prime factors of 5563511.
149, 37339
What are the prime factors of 228553?
13, 17581
List the prime factors of 433877.
433877
What are the prime factors of 22937?
22937
What are the prime factors of 18593593?
61, 304813
What are the prime factors of 19857876?
2, 3, 47, 137, 257
What are the prime factors of 1007169?
3, 113, 2971
What are the prime factors of 8005608?
2, 3, 13, 2851
List the prime factors of 13750.
2, 5, 11
List the prime factors of 1431483.
3, 379, 1259
What are the prime factors of 6682131?
3, 47, 15797
What are the prime factors of 146463?
3, 48821
List the prime factors of 328491.
3, 17, 19, 113
What are the prime factors of 24086438?
2, 12043219
List the prime factors of 169791.
3, 56597
What are the prime factors of 1785569?
31, 239, 241
What are the prime factors of 3743246?
2, 13, 143971
What are the prime factors of 12050487?
3, 1009, 1327
What are the prime factors of 1000572?
2, 3, 199, 419
What are the prime factors of 6396781?
107, 191, 313
What are the prime factors of 47960?
2, 5, 11, 109
List the prime factors of 181721.
181721
What are the prime factors of 7557009?
3, 2519003
What are the prime factors of 13889661?
3, 4629887
List the prime factors of 8387165.
5, 41, 163, 251
List the prime factors of 931795.
5, 157, 1187
List the prime factors of 3248415.
3, 5, 37, 1951
What are the prime factors of 2478907?
43, 57649
What are the prime factors of 1123786?
2, 211, 2663
What are the prime factors of 89106?
2, 3, 14851
List the prime factors of 1662251.
29, 31, 43
What are the prime factors of 36600?
2, 3, 5, 61
List the prime factors of 1621438.
2, 7, 13, 59, 151
What are the prime factors of 58836?
2, 3, 4903
What are the prime factors of 3409500?
2, 3, 5, 2273
List the prime factors of 24957603.
3, 11, 29, 8693
List the prime factors of 740166.
2, 3, 7, 17623
List the prime factors of 3566569.
157, 22717
List the prime factors of 230983.
19, 12157
What are the prime factors of 4503142?
2, 7, 61, 5273
List the prime factors of 1108845.
3, 5, 41, 601
List the prime factors of 96580.
2, 5, 11, 439
What are the prime factors of 317758?
2, 7, 22697
What are the prime factors of 18192247?
107, 170021
List the prime factors of 107828.
2, 7, 3851
List the prime factors of 264728.
2, 33091
List the prime factors of 5081474.
2, 19, 133723
List the prime factors of 399113.
11, 13, 2791
What are the prime factors of 128493?
3, 4759
List the prime factors of 712172.
2, 23, 7741
List the prime factors of 468682.
2, 234341
What are the prime factors of 10527876?
2, 3, 292441
List the prime factors of 1057569.
3, 352523
What are the prime factors of 1406227?
283, 4969
List the prime factors of 17114301.
3, 43, 14741
What are the prime factors of 2047169?
101, 20269
What are the prime factors of 1102822?
2, 7, 37, 2129
What are the prime factors of 3171391?
41, 77351
What are the prime factors of 5652177?
3, 17, 19, 307
What are the prime factors of 1486948?
2, 371737
List the prime factors of 20075149.
20075149
What are the prime factors of 1044077?
137, 7621
What are the prime factors of 459528?
2, 3, 41, 467
List the prime factors of 145233.
3, 11, 163
List the prime factors of 10014804.
2, 3, 283, 983
List the prime factors of 205728.
2, 3, 2143
What are the prime factors of 432836?
2, 241, 449
What are the prime factors of 20982234?
2, 3, 7, 13, 83, 463
List the prime factors of 19536551.
19536551
List the prime factors of 6652929.
3, 2217643
List the prime factors of 400154.
2, 23, 8699
List the prime factors of 2409120.
2, 3, 5, 7, 239
List the prime factors of 33117393.
3, 31, 356101
What are the prime factors of 312509?
312509
What are the prime factors of 177239?
177239
What are the prime factors of 275580?
2, 3, 5, 1531
What are the prime factors of 263064?
2, 3, 97, 113
What are the prime factors of 169365?
3, 5, 7, 1613
What are the prime factors of 10449667?
59, 177113
What are the prime factors of 8160988?
2, 11, 185477
What are the prime factors of 467859?
3, 7, 22279
What are the prime factors of 3226191?
3, 1075397
What are the prime factors of 1096107?
3, 365369
What are the prime factors of 338651?
181, 1871
What are the prime factors of 1671541?
317, 5273
What are the prime factors of 1709?
1709
List the prime factors of 384873.
3, 128291
List the prime factors of 12231142.
2, 7, 11, 79423
What are the prime factors of 2451029?
7, 50021
What are the prime factors of 6372412?
2, 331, 4813
What are the prime factors of 107821?
7, 73, 211
List the prime factors of 5087576.
2, 13, 53, 71
What are the prime factors of 795461?
795461
List the prime factors of 5621.
7, 11, 73
List the prime factors of 99833.
99833
What are the prime factors of 708588?
2, 3
What are the prime factors of 2588404?
2, 7, 13, 547
What are the prime factors of 160071?
3, 229, 233
List the prime factors of 442328.
2, 55291
What are the prime factors of 14920597?
41, 363917
List the prime factors of 397763.
397763
List the prime factors of 12108136.
2, 1513517
List the prime factors of 279753.
3, 93251
What are the prime factors of 20796210?
2, 3, 5, 77023
List the prime factors of 1486195.
5, 131, 2269
What are the prime factors of 286939?
43, 6673
List the prime factors of 413658.
2, 3, 7, 67
List the prime factors of 30701.
11, 2791
List the prime factors of 465518.
2, 43, 5413
What are the prime factors of 1296766?
2, 648383
What are the prime factors of 5789819?
7, 673, 1229
What are the prime factors of 1632618?
2, 3, 13, 6977
List the prime factors of 8082042.
2, 3, 83, 16229
List the prime factors of 24048316.
2, 2437, 2467
What are the prime factors of 271621?
7, 38803
List the prime factors of 10892859.
3, 3630953
What are the prime factors of 671518?
2, 71, 4729
List the prime factors of 3236119.
197, 16427
List the prime factors of 17291.
17291
List the prime factors of 528007.
619, 853
What are the prime factors of 2624591?
43, 67, 911
What are the prime factors of 1656762?
2, 3, 19, 14533
What are the prime factors of 1064886?
2, 3, 177481
List the prime factors of 4402461.
3, 7, 29, 7229
What are the prime factors of 1425563?
23, 61981
What are the prime factors of 14040977?
14040977
What are the prime factors of 187995?
3, 5, 83, 151
List the prime factors of 154535.
5, 31, 997
List the prime factors of 23368841.
19, 1229939
List the prime factors of 1314215.
5, 7, 37549
What are the prime factors of 10353337?
83, 124739
List the prime factors of 1739494.
2, 869747
List the prime factors of 4406944.
2, 17, 8101
What are the prime factors of 8345822?
2, 1553, 2687
What are the prime factors of 376794